the second derivative of -4*z**3/3 - z**2/2 - 28*z. Give v(-1).
7
Let q be 5 + -5 - (-1 - 3). Suppose -2*w + q*w = 12. Let r(f) = -2*f + 6 - w + 4. Calculate r(3).
-2
Let p(h) = h**3 + 8*h**2 + 8*h. Let w(o) = -o**3 - 7*o**2 - 7*o - 1. Let m(k) = 2*p(k) + 3*w(k). Let q(s) = -s**3 + 8*s**2 - s + 4. Let z be q(8). What is m(z)?
1
Let x(v) = -v**3 + 5*v**2 + 9*v - 5. Let j be x(6). Let o = -9 + 0. Let u = o + j. Let y(s) = -s**3 + 4*s**2 + 5. What is y(u)?
5
Let a(x) = -x**2 + 16*x - 16. Suppose -4*k + 60 = -0*k. Let y be a(k). Let c(v) = -v**3 - v**2 - 2. Let p(r) = 1. Let n(t) = -c(t) - 2*p(t). What is n(y)?
0
Let o(r) = -11*r. Let d be (-10 + 15)*(-2)/(-10). Let l = -2 + d. Calculate o(l).
11
Let b = 11 + -17. Let g(c) = c**2 + 2*c - 8. What is g(b)?
16
Let a(w) = -11*w - 1. Let v(n) = -24*n - 2. Let b(y) = 7*a(y) - 3*v(y). Give b(-5).
24
Suppose 0 = 3*i - 2*c - 15, -2*i + 18 = -i - 5*c. Let w(s) = 3*s**3 - 6*s**i - 3*s**3 - 1 - s. Give w(-1).
6
Suppose s - 6 = 4*s. Let t(p) = p + 4. Determine t(s).
2
Let b(h) = 4*h**2 - h + 4. Let a(j) = j - 1. Let p(f) = 2*a(f) + b(f). What is p(2)?
20
Suppose -2*k = 4*t, k = 4*k + 5*t. Let o(r) = 39*r**3 - 63*r**3 + 25*r**3 - 7. Give o(k).
-7
Let a(m) be the second derivative of -5*m**4/12 - m**3/6 + 11*m. Determine a(1).
-6
Let w(y) = -y**2 - 5*y - 4. Let l = 9 + -1. Suppose 0 = -l*d + 3*d - 20. Give w(d).
0
Let i(g) be the third derivative of g**4/24 + 5*g**3/6 + g**2. Let f = 1 + 3. Suppose 4*n = -2*v + f, -4*v - 9 = -v + n. What is i(v)?
1
Let q(u) = -u**3 - 5*u**2 + 5*u - 3. Suppose 0 = 4*n - 9*n - 30. Let w be q(n). Let r(d) = -d. Calculate r(w).
-3
Let p be 8*-1*8/16. Let h(n) = -n**3 - 5*n**2 - 4*n + 4. Give h(p).
4
Let y(l) be the third derivative of 0*l + 0 + 1/120*l**6 + 0*l**5 - 1/6*l**3 + 4*l**2 + 1/24*l**4. Let m be (-9)/(-7) - 2/7. Calculate y(m).
1
Let m(a) = a**3 + 8*a**2 - 9*a - 5. Let x be m(-9). Suppose 2*w - 20 = -d + 5*d, 4*d + 12 = 0. Let l(o) = 2*o - 3 - 2 - w*o. Calculate l(x).
5
Let o = -15 - -22. Let v(i) = o*i**2 + 2*i - 1 + i - 9*i**2. Suppose -n + 4 = 0, -w + 0 + 10 = 2*n. Give v(w).
-3
Let t(u) = u**3 - 4*u**2 - 3*u - 7. Suppose 0 = -5*p + 6 + 19. Calculate t(p).
3
Let a(z) = z**3 + 6*z**2 + 2*z + 5. Let r(v) = -v**3 + 7*v**2 - 5*v - 11. Let x be r(6). What is a(x)?
20
Let l = -18 - -17. Let o(q) = -3*q + 1. Let w(x) = x - 1. Let h(a) = o(a) + 2*w(a). Give h(l).
0
Let r = -2 - -5. Suppose -r*s = 5*v - 5, 3*v = 3*s + 5*v + 7. Let g(u) = u**2 + 7*u + 6. Give g(s).
-4
Let a(y) = 3*y**2 + 2 - 2*y**3 - 2*y + 4*y + y**3. Let t(r) = r**2 - 13*r + 26. Let o be t(11). What is a(o)?
-6
Let y(v) be the third derivative of -v**5/60 - 5*v**4/12 + v**3 + 3*v**2. Let p be y(-10). Let z(s) = -2*s + 6. Determine z(p).
-6
Let x(j) = -j**2 - 4*j - 3. Suppose 0 = -4*i - 3*p - 9, -4*i + 6*i + 5*p + 15 = 0. Suppose i*s = 2*s + 10. Determine x(s).
-8
Let d(j) = j**2 - 9*j + 5. Let x(q) = 2*q**2 - 18*q + 11. Let a(k) = 5*d(k) - 2*x(k). Calculate a(7).
-11
Let q(p) = -21*p**2 - 6*p + 11. Let c(w) = -w - 2. Let x be c(6). Let z(n) = -14*n**2 - 4*n + 7. Let o(t) = x*z(t) + 5*q(t). What is o(1)?
8
Let s(i) = 1. Let f(h) = -h. Let g(l) = -f(l) + 3*s(l). Let a(x) = x**3 - 9*x**2. Let b be a(9). Suppose 4*j + 8 + 4 = b. What is g(j)?
0
Let d = -54 + 60. Let s(w) = -w**3 + 5*w**2 + 5*w - 6. What is s(d)?
-12
Let k(s) = s**3 + 2*s**2 - 4*s + 1. Let x = 3 + 0. Suppose -3*b = 5*o + 14, -3*b - 7 = o + x. What is k(b)?
4
Let a(u) = u**2 + u. Let j = -3 - -9. Suppose 0*k = -h + k + j, k = 2*h - 8. Give a(h).
6
Let a be 10/(-4) - 2/4. Let z(c) be the third derivative of -c**6/720 - c**5/20 + c**4/3 - 7*c**2. Let x(k) be the second derivative of z(k). What is x(a)?
-3
Let w(a) = 2*a - 9. Let v(t) = -t + 8. Let u(z) = 5*v(z) + 4*w(z). Give u(3).
13
Suppose k = 5*k - 20. Let s(v) = -v + 3. Give s(k).
-2
Let i = -5 - -7. Let o = i - 1. Let d(q) = -3*q**3 + q - 6*q**3 - 2*q**2 + 0*q**2. Give d(o).
-10
Let a(g) = -g**3 + 7*g**2 - 6*g. Let r(p) = p**2 - p + 4. Let y(j) = -3*j**2 + j - 1. Let m be y(1). Let z be r(m). Let v = z - 10. What is a(v)?
0
Suppose 0*r + 4*k = 4*r - 12, 0 = -2*r - 5*k + 20. Let o = -1 + r. Let i(p) = 0*p**2 + p - o*p - 5 + p**2. Give i(4).
-1
Let d(l) be the third derivative of l**6/360 + l**5/30 - l**4/6 - l**3/3 + 4*l**2. Let n(w) be the first derivative of d(w). Give n(-4).
-4
Let h = -4 - -2. Let r = -6 - h. Let a(n) = 3 - 2*n - 7 + n. Determine a(r).
0
Let l(m) be the third derivative of 0 - m**2 - 1/6*m**3 + 0*m + 1/24*m**4. Suppose -t - 1 - 3 = 0. Determine l(t).
-5
Let p(b) = -b**3 - 6*b**2 - 8*b - 7. Let s(d) = d - 6. Let o be s(6). Suppose o = 3*r + c + 12, -3*r - 5*c = -0*r. Give p(r).
8
Let t be (1 + 1 + -5)*-1. Let c(d) be the first derivative of -t - d - d**2 + 3 + 2. What is c(2)?
-5
Suppose 0*n + 2 = -n. Let u(k) = 2*k**3 + 4*k**2 + k - 2. Give u(n).
-4
Let n(i) = i**3 - 4*i**2 + 4. Suppose -3*z - a = -18, 4*z + 5*a = 30 + 5. Suppose -k - 2*y + 13 = -4*y, 5*k - z*y = 40. Give n(k).
-5
Let i(j) = 3*j**2 + 7. Let b(g) = 2*g**2 + 4. Let s(w) = -5*b(w) + 3*i(w). What is s(2)?
-3
Let q(r) = -r + 7. Let w be 40/(-12)*(-9)/5. Let x be q(w). Let b(a) = 4*a**3 - 2*a**2 + 2*a - 1. What is b(x)?
3
Let b(j) = -j**2 - 5*j + 5. Let f be b(-7). Let o(t) = -t - 8. What is o(f)?
1
Let q(h) = 2*h**2 - 4*h - 2. Let m(o) = 3*o**2 - 5*o - 3. Let v(z) = -3*m(z) + 4*q(z). Let k be v(0). Let g(b) = 6*b - 1. Give g(k).
5
Let k be (-3 - -1)/((-4)/12). Let c(z) = z**2 - 4*z - 6. Give c(k).
6
Let k(i) = -i**2 + 0*i - 2 + 4 - 3*i. Let w be 90/(-12) + (-6)/(-4). Give k(w).
-16
Let d(w) = 2*w**2 + w - 2. Let h = 53 - 50. Give d(h).
19
Suppose -c = -k + 8, -4*k - 5*c - 1 = -6. Let w(m) = m + 2. Let v(t) = -t - 1. Let u(g) = 4*v(g) + 3*w(g). Determine u(k).
-3
Let m(f) = -42 + 0*f - 41 + f + 77 + f. Let g(p) = -9*p + 17. Let q(d) = -4*d + 8. Let o(b) = 2*g(b) - 5*q(b). Let u be o(6). Give m(u).
6
Let v(z) = 9*z + 1. Let b(l) = 2*l**2 + 29*l + 15. Let n be b(-14). Calculate v(n).
10
Let d be 0/8*1/(-2). Suppose 5*m - 10 = -0, -4*f + m + 6 = d. Let t(v) = -2 + 5 + f - v. Determine t(-4).
9
Let v be (-6)/(-4) - (-1)/2. Let m(x) = -5 + 2 + v + 0 - x**2 - 2*x. What is m(-3)?
-4
Let m(i) be the second derivative of -i + 1/6*i**3 + 0*i**2 + 0. Suppose 7 = -3*k - 5. Determine m(k).
-4
Let x(r) = -5*r + 17 - 2*r + r. Let q(n) = -n + 3. Let s(d) = 34*q(d) - 6*x(d). What is s(-3)?
-6
Let f(o) = o + 5*o**2 - 4*o**2 + 1 + 16*o**2. What is f(-1)?
17
Let a(x) be the first derivative of 1/3*x**3 + 1/4*x**4 + 0*x**2 - 2*x - 4. Determine a(0).
-2
Let i(x) = 5*x**3 + x**2 - x + 4. Let t(q) = 14*q**3 + 2*q**2 - 3*q + 11. Let f(w) = 17*i(w) - 6*t(w). Determine f(-5).
-3
Let l(f) be the third derivative of -f**5/60 - f**4/3 + f**3/3 + 36*f**2. Determine l(-7).
9
Suppose 0 = u + u - 56. Suppose 8*p - u = p. Let m(o) = 3*o - 6. Give m(p).
6
Let i(s) = -2*s**2 - 2*s - 1. Let y(k) = 114 + k + 2*k**2 - 114 - k**2. Let d(j) = 2*i(j) + 5*y(j). Determine d(0).
-2
Let s(x) = 3*x**2 + 2*x - 1. Suppose -2*i + 5*f = 2*f - 7, i = -4*f + 20. Let k be (-6)/8 - 2/i. Let t = k + 2. Give s(t).
4
Let w(t) = 0 - 61*t**2 + 3*t + 62*t**2 - 5 + 2. Determine w(-3).
-3
Let c(w) = 4*w**2 + 16*w + 11. Let p(y) = -y**2 - 4*y - 3. Let q(r) = -2*c(r) - 9*p(r). Determine q(-4).
5
Let f = -7 + 10. Let g(q) = -2*q - f + 1 + 0*q. Give g(-2).
2
Let o(s) = -s**3 - 6*s**2 - 7*s - 5. Let w(f) = -6*f + 1. Let t be w(-4). Suppose -2*u - t = 3*u. Give o(u).
5
Suppose 16 = 5*g + 2*t + t, 0 = -3*g - 2*t + 10. Let k(y) = -1 - 24*y + 24*y + 7*y**g. Let i be (2 - 1)*(-1 - 0). Calculate k(i).
6
Let f(l) be the first derivative of -l**4/4 + 4*l**3/3 - 5*l + 13. Give f(4).
-5
Let j(v) be the third derivative of v**4/12 - v**3/3 + v**2. Let t = -143 + 92. Let o be t/(-18) + 4/24. Determine j(o).
4
Let a = 3 - 0. Suppose 0 = 3*h - 6*h - 2*q - 1, -6 = a*q. Let b(s) = s - s + 5*s**3 - h. Determine b(-1).
-6
Let v(q) = -5 + 5 + q. Give v(6).
6
Let m(f) be the first derivative of f**3/3 - 3*f**2/2 + 282. Suppose -5*d + 2*d = -3*c, c + 3*d = 12. Determine m(c).
0
Suppose 0 = 2*f - w - 7, -4*f - 14 = 3*w - 3. Let i be f/((-3)/(-2))*3. Let z(d) = -2*d - 2. Calculate z(i).
-6
Let k(t) = 16*t**2 - t**3 + 2*t + 2*t**3 + 1 - 15*t**2 + t**3. Calculate k(-1).
-2
Let d(b) = -b**3 - b**2 + b + 1